{"id":5520,"date":"2025-04-11T19:56:21","date_gmt":"2025-04-11T18:56:21","guid":{"rendered":"https:\/\/dietpartner.shop\/?post_type=product&#038;p=5520"},"modified":"2025-11-01T18:31:03","modified_gmt":"2025-11-01T17:31:03","slug":"cell-tech-creatine","status":"publish","type":"product","link":"https:\/\/dietpartner.shop\/?product=cell-tech-creatine","title":{"rendered":"CELL TECH CREATINE"},"content":{"rendered":"<p>Cell-Tech\u00ae est le meilleur pour une raison. Sp\u00e9cialement formul\u00e9 pour ceux qui cherchent \u00e0 gagner en masse musculaire, Cell-Tech\u00ae est une formule de cr\u00e9atine de troisi\u00e8me g\u00e9n\u00e9ration, con\u00e7ue scientifiquement, contenant un m\u00e9lange cliniquement valid\u00e9 de monohydrate de cr\u00e9atine et de glucides. Depuis plus de deux d\u00e9cennies, Cell-Tech\u00ae aide les athl\u00e8tes qui ont du mal \u00e0 prendre du volume \u00e0 r\u00e9aliser des gains sans pr\u00e9c\u00e9dent. Il est devenu un incontournable l\u00e9gendaire dans le r\u00e9gime de suppl\u00e9ments des comp\u00e9titeurs s\u00e9rieux &#8211; et la preuve que MuscleTech\u00ae continue de repousser les limites de la science et de la recherche chaque jour Formule de cr\u00e9atine hardcore con\u00e7ue pour aider \u00e0 augmenter la masse* -10 g de cr\u00e9atine par portion de 2 cuill\u00e8res -Constructeur musculaire soutenu par la recherche + glucides -200 mg d&rsquo;ALA pour soutenir les niveaux d&rsquo;\u00e9nergie -5 g d&rsquo;acides amin\u00e9s + matrice BCAA Directions Prenez 1 cuill\u00e8re de Cell-Tech\u00ae avec 6 oz d&rsquo;eau imm\u00e9diatement apr\u00e8s votre entra\u00eenement. Si vous ne vous entra\u00eenez pas ce jour-l\u00e0, prenez votre portion le matin au r\u00e9veil. Comme pour tous les produits \u00e0 base de cr\u00e9atine, maintenez un \u00e9tat d&rsquo;hydratation ad\u00e9quat pendant l&rsquo;utilisation.<\/p>\n","protected":false},"excerpt":{"rendered":"<p>Cell-Tech\u00ae est le meilleur pour une raison. Sp\u00e9cialement formul\u00e9e pour ceux qui cherchent \u00e0 d\u00e9velopper leur masse musculaire maigre, Cell-Tech\u00ae est une formule de cr\u00e9atine de troisi\u00e8me g\u00e9n\u00e9ration con\u00e7ue scientifiquement, contenant un m\u00e9lange cliniquement valid\u00e9 de monohydrate de cr\u00e9atine et de glucides. Depuis plus de deux d\u00e9cennies, Cell-Tech\u00ae aide les athl\u00e8tes qui ont du mal \u00e0 prendre du volume \u00e0 r\u00e9aliser des gains sans pr\u00e9c\u00e9dent. Elle est devenue un \u00e9l\u00e9ment de base l\u00e9gendaire dans le r\u00e9gime des suppl\u00e9ments des comp\u00e9titeurs s\u00e9rieux \u2013 et la preuve que MuscleTech\u00ae continue de repousser les limites de la science et de la recherche chaque jour<\/p>\n","protected":false},"featured_media":6132,"template":"","meta":{"site-sidebar-layout":"default","site-content-layout":"","ast-site-content-layout":"default","site-content-style":"default","site-sidebar-style":"default","ast-global-header-display":"","ast-banner-title-visibility":"","ast-main-header-display":"","ast-hfb-above-header-display":"","ast-hfb-below-header-display":"","ast-hfb-mobile-header-display":"","site-post-title":"","ast-breadcrumbs-content":"","ast-featured-img":"","footer-sml-layout":"","theme-transparent-header-meta":"default","adv-header-id-meta":"","stick-header-meta":"","header-above-stick-meta":"","header-main-stick-meta":"","header-below-stick-meta":"","astra-migrate-meta-layouts":"set","ast-page-background-enabled":"default","ast-page-background-meta":{"desktop":{"background-color":"","background-image":"","background-repeat":"repeat","background-position":"center center","background-size":"auto","background-attachment":"scroll","background-type":"","background-media":"","overlay-type":"","overlay-color":"","overlay-opacity":"","overlay-gradient":""},"tablet":{"background-color":"","background-image":"","background-repeat":"repeat","background-position":"center center","background-size":"auto","background-attachment":"scroll","background-type":"","background-media":"","overlay-type":"","overlay-color":"","overlay-opacity":"","overlay-gradient":""},"mobile":{"background-color":"","background-image":"","background-repeat":"repeat","background-position":"center center","background-size":"auto","background-attachment":"scroll","background-type":"","background-media":"","overlay-type":"","overlay-color":"","overlay-opacity":"","overlay-gradient":""}},"ast-content-background-meta":{"desktop":{"background-color":"var(--ast-global-color-5)","background-image":"","background-repeat":"repeat","background-position":"center center","background-size":"auto","background-attachment":"scroll","background-type":"","background-media":"","overlay-type":"","overlay-color":"","overlay-opacity":"","overlay-gradient":""},"tablet":{"background-color":"var(--ast-global-color-5)","background-image":"","background-repeat":"repeat","background-position":"center center","background-size":"auto","background-attachment":"scroll","background-type":"","background-media":"","overlay-type":"","overlay-color":"","overlay-opacity":"","overlay-gradient":""},"mobile":{"background-color":"var(--ast-global-color-5)","background-image":"","background-repeat":"repeat","background-position":"center center","background-size":"auto","background-attachment":"scroll","background-type":"","background-media":"","overlay-type":"","overlay-color":"","overlay-opacity":"","overlay-gradient":""}}},"product_brand":[65],"product_cat":[76],"product_tag":[],"class_list":{"0":"post-5520","1":"product","2":"type-product","3":"status-publish","4":"has-post-thumbnail","6":"product_brand-muscultech","7":"product_cat-creatine","8":"desktop-align-center","9":"tablet-align-center","10":"mobile-align-center","12":"first","13":"outofstock","14":"sale","15":"shipping-taxable","16":"purchasable","17":"product-type-simple"},"_links":{"self":[{"href":"https:\/\/dietpartner.shop\/index.php?rest_route=\/wp\/v2\/product\/5520","targetHints":{"allow":["GET"]}}],"collection":[{"href":"https:\/\/dietpartner.shop\/index.php?rest_route=\/wp\/v2\/product"}],"about":[{"href":"https:\/\/dietpartner.shop\/index.php?rest_route=\/wp\/v2\/types\/product"}],"wp:featuredmedia":[{"embeddable":true,"href":"https:\/\/dietpartner.shop\/index.php?rest_route=\/wp\/v2\/media\/6132"}],"wp:attachment":[{"href":"https:\/\/dietpartner.shop\/index.php?rest_route=%2Fwp%2Fv2%2Fmedia&parent=5520"}],"wp:term":[{"taxonomy":"product_brand","embeddable":true,"href":"https:\/\/dietpartner.shop\/index.php?rest_route=%2Fwp%2Fv2%2Fproduct_brand&post=5520"},{"taxonomy":"product_cat","embeddable":true,"href":"https:\/\/dietpartner.shop\/index.php?rest_route=%2Fwp%2Fv2%2Fproduct_cat&post=5520"},{"taxonomy":"product_tag","embeddable":true,"href":"https:\/\/dietpartner.shop\/index.php?rest_route=%2Fwp%2Fv2%2Fproduct_tag&post=5520"}],"curies":[{"name":"wp","href":"https:\/\/api.w.org\/{rel}","templated":true}]}}