{"id":5539,"date":"2025-04-12T14:23:23","date_gmt":"2025-04-12T13:23:23","guid":{"rendered":"https:\/\/dietpartner.shop\/?post_type=product&#038;p=5539"},"modified":"2025-06-14T18:16:03","modified_gmt":"2025-06-14T17:16:03","slug":"iso-flex","status":"publish","type":"product","link":"https:\/\/dietpartner.shop\/?product=iso-flex","title":{"rendered":"ISO FLEX"},"content":{"rendered":"<p>ISOFLEX : UNE PROT\u00c9INE VRAIMENT SUP\u00c9RIEURE Le tout nouveau et am\u00e9lior\u00e9 ISOFLEX est le nec plus ultra en mati\u00e8re de go\u00fbt et de qualit\u00e9. Non seulement ISOFLEX a un tout nouveau look et un go\u00fbt d\u00e9licieux, gr\u00e2ce \u00e0 une technologie de pointe, mais c&rsquo;est aussi un isolat de prot\u00e9ines de lactos\u00e9rum pur \u00e0 100 %. ISOFLEX est \u00e9galement nettement plus faible en lactose, en mati\u00e8res grasses, en sucre et en glucides que les WPI ordinaires ! Si vous recherchez la prot\u00e9ine de la plus haute qualit\u00e9, la plus premium et la plus rapidement absorb\u00e9e, ne cherchez pas plus loin qu&rsquo;ISOFLEX ; un isolat de prot\u00e9ines de lactos\u00e9rum vraiment sup\u00e9rieur. Isolat de prot\u00e9ines de lactos\u00e9rum d\u00e9licieux, ultra pur et hautement biodisponible ! -Le verrou de la cuill\u00e8re emp\u00eache votre cuill\u00e8re de s&rsquo;enfouir -Test\u00e9 et certifi\u00e9 en laboratoire -Prot\u00e9ines provenant \u00e0 100 % de lactos\u00e9rum -27 g de prot\u00e9ines par portion Mode d&#8217;emploi Prendre 1 cuill\u00e8re 4 fois par jour. M\u00e9langer ou secouer 1 cuill\u00e8re de poudre avec environ 125 ml d&rsquo;eau froide ou de lait \u00e9cr\u00e9m\u00e9 imm\u00e9diatement avant la consommation.<\/p>\n","protected":false},"excerpt":{"rendered":"<p>ISOFLEX : UNE PROT\u00c9INE VRAIMENT SUP\u00c9RIEURE Le tout nouveau ISOFLEX am\u00e9lior\u00e9 est le nec plus ultra en mati\u00e8re de go\u00fbt et de qualit\u00e9. Non seulement ISOFLEX a un tout nouveau look et un go\u00fbt d\u00e9licieux, mais il utilise une technologie de pointe, mais il s&rsquo;agit \u00e9galement d&rsquo;un isolat de prot\u00e9ines de lactos\u00e9rum pur \u00e0 100 %.<\/p>\n","protected":false},"featured_media":6145,"template":"","meta":{"site-sidebar-layout":"default","site-content-layout":"","ast-site-content-layout":"default","site-content-style":"default","site-sidebar-style":"default","ast-global-header-display":"","ast-banner-title-visibility":"","ast-main-header-display":"","ast-hfb-above-header-display":"","ast-hfb-below-header-display":"","ast-hfb-mobile-header-display":"","site-post-title":"","ast-breadcrumbs-content":"","ast-featured-img":"","footer-sml-layout":"","theme-transparent-header-meta":"default","adv-header-id-meta":"","stick-header-meta":"","header-above-stick-meta":"","header-main-stick-meta":"","header-below-stick-meta":"","astra-migrate-meta-layouts":"set","ast-page-background-enabled":"default","ast-page-background-meta":{"desktop":{"background-color":"","background-image":"","background-repeat":"repeat","background-position":"center center","background-size":"auto","background-attachment":"scroll","background-type":"","background-media":"","overlay-type":"","overlay-color":"","overlay-opacity":"","overlay-gradient":""},"tablet":{"background-color":"","background-image":"","background-repeat":"repeat","background-position":"center center","background-size":"auto","background-attachment":"scroll","background-type":"","background-media":"","overlay-type":"","overlay-color":"","overlay-opacity":"","overlay-gradient":""},"mobile":{"background-color":"","background-image":"","background-repeat":"repeat","background-position":"center center","background-size":"auto","background-attachment":"scroll","background-type":"","background-media":"","overlay-type":"","overlay-color":"","overlay-opacity":"","overlay-gradient":""}},"ast-content-background-meta":{"desktop":{"background-color":"var(--ast-global-color-5)","background-image":"","background-repeat":"repeat","background-position":"center center","background-size":"auto","background-attachment":"scroll","background-type":"","background-media":"","overlay-type":"","overlay-color":"","overlay-opacity":"","overlay-gradient":""},"tablet":{"background-color":"var(--ast-global-color-5)","background-image":"","background-repeat":"repeat","background-position":"center center","background-size":"auto","background-attachment":"scroll","background-type":"","background-media":"","overlay-type":"","overlay-color":"","overlay-opacity":"","overlay-gradient":""},"mobile":{"background-color":"var(--ast-global-color-5)","background-image":"","background-repeat":"repeat","background-position":"center center","background-size":"auto","background-attachment":"scroll","background-type":"","background-media":"","overlay-type":"","overlay-color":"","overlay-opacity":"","overlay-gradient":""}}},"product_brand":[72],"product_cat":[59],"product_tag":[],"class_list":{"0":"post-5539","1":"product","2":"type-product","3":"status-publish","4":"has-post-thumbnail","6":"product_brand-allmax","7":"product_cat-whey-proteine","8":"desktop-align-center","9":"tablet-align-center","10":"mobile-align-center","12":"first","13":"instock","14":"shipping-taxable","15":"purchasable","16":"product-type-simple"},"_links":{"self":[{"href":"https:\/\/dietpartner.shop\/index.php?rest_route=\/wp\/v2\/product\/5539","targetHints":{"allow":["GET"]}}],"collection":[{"href":"https:\/\/dietpartner.shop\/index.php?rest_route=\/wp\/v2\/product"}],"about":[{"href":"https:\/\/dietpartner.shop\/index.php?rest_route=\/wp\/v2\/types\/product"}],"wp:featuredmedia":[{"embeddable":true,"href":"https:\/\/dietpartner.shop\/index.php?rest_route=\/wp\/v2\/media\/6145"}],"wp:attachment":[{"href":"https:\/\/dietpartner.shop\/index.php?rest_route=%2Fwp%2Fv2%2Fmedia&parent=5539"}],"wp:term":[{"taxonomy":"product_brand","embeddable":true,"href":"https:\/\/dietpartner.shop\/index.php?rest_route=%2Fwp%2Fv2%2Fproduct_brand&post=5539"},{"taxonomy":"product_cat","embeddable":true,"href":"https:\/\/dietpartner.shop\/index.php?rest_route=%2Fwp%2Fv2%2Fproduct_cat&post=5539"},{"taxonomy":"product_tag","embeddable":true,"href":"https:\/\/dietpartner.shop\/index.php?rest_route=%2Fwp%2Fv2%2Fproduct_tag&post=5539"}],"curies":[{"name":"wp","href":"https:\/\/api.w.org\/{rel}","templated":true}]}}