{"id":5647,"date":"2025-04-16T18:55:23","date_gmt":"2025-04-16T17:55:23","guid":{"rendered":"https:\/\/dietpartner.shop\/?post_type=product&#038;p=5647"},"modified":"2026-03-28T11:14:54","modified_gmt":"2026-03-28T10:14:54","slug":"platinum-hydro-whey","status":"publish","type":"product","link":"https:\/\/dietpartner.shop\/?product=platinum-hydro-whey","title":{"rendered":"PLATINUM HYDRO WHEY"},"content":{"rendered":"<h3 class=\"\" data-start=\"161\" data-end=\"200\">Composition par portion (39 g) :<\/h3>\n<ul data-start=\"202\" data-end=\"584\">\n<li class=\"\" data-start=\"202\" data-end=\"257\">\n<p class=\"\" data-start=\"204\" data-end=\"257\"><strong data-start=\"204\" data-end=\"217\">Prot\u00e9ines<\/strong> : <span class=\"relative -mx-px my-[-0.2rem] rounded px-px py-[0.2rem] transition-colors duration-100 ease-in-out\">30 g (provenant d&rsquo;isolat de prot\u00e9ines de lactos\u00e9rum hydrolys\u00e9)<\/span><\/p>\n<\/li>\n<li class=\"\" data-start=\"258\" data-end=\"308\">\n<p class=\"\" data-start=\"260\" data-end=\"308\"><strong data-start=\"260\" data-end=\"268\">BCAA<\/strong> : <span class=\"relative -mx-px my-[-0.2rem] rounded px-px py-[0.2rem] transition-colors duration-100 ease-in-out\">8,8 g (acides amin\u00e9s \u00e0 cha\u00eene ramifi\u00e9e)<\/span><\/p>\n<\/li>\n<li class=\"\" data-start=\"309\" data-end=\"373\">\n<p class=\"\" data-start=\"311\" data-end=\"373\"><strong data-start=\"311\" data-end=\"333\">Enzymes digestives<\/strong> : <span class=\"relative -mx-px my-[-0.2rem] rounded px-px py-[0.2rem] transition-colors duration-100 ease-in-out\">100 mg<\/span><\/p>\n<\/li>\n<li class=\"\" data-start=\"374\" data-end=\"427\">\n<p class=\"\" data-start=\"376\" data-end=\"427\"><strong data-start=\"376\" data-end=\"387\">Lactose<\/strong> : <span class=\"relative -mx-px my-[-0.2rem] rounded px-px py-[0.2rem] transition-colors duration-100 ease-in-out\">absent<\/span><\/p>\n<\/li>\n<li class=\"\" data-start=\"428\" data-end=\"485\">\n<p class=\"\" data-start=\"430\" data-end=\"485\"><strong data-start=\"430\" data-end=\"445\">Cholest\u00e9rol<\/strong> : <span class=\"relative -mx-px my-[-0.2rem] rounded px-px py-[0.2rem] transition-colors duration-100 ease-in-out\">absent<\/span><\/p>\n<\/li>\n<li class=\"\" data-start=\"486\" data-end=\"584\">\n<p class=\"\" data-start=\"488\" data-end=\"584\"><strong data-start=\"488\" data-end=\"498\">Sucres<\/strong> : <span class=\"relative -mx-px my-[-0.2rem] rounded px-px py-[0.2rem] transition-colors duration-100 ease-in-out\">absents<\/span>\u200b<\/p>\n<\/li>\n<\/ul>\n<p class=\"\" data-start=\"586\" data-end=\"671\"><span class=\"relative -mx-px my-[-0.2rem] rounded px-px py-[0.2rem] transition-colors duration-100 ease-in-out\">Cette formule est enrichie en BCAA et en enzymes digestives pour am\u00e9liorer l&rsquo;absorption et la r\u00e9cup\u00e9ration musculaire.<\/span>\u200b<\/p>\n","protected":false},"excerpt":{"rendered":"<p><span class=\"relative -mx-px my-[-0.2rem] rounded px-px py-[0.2rem] transition-colors duration-100 ease-in-out\">La <strong data-start=\"3\" data-end=\"26\">Platinum Hydro Whey<\/strong> d&rsquo;<strong data-start=\"29\" data-end=\"50\">Optimum Nutrition<\/strong> est une prot\u00e9ine en poudre haut de gamme, con\u00e7ue pour les athl\u00e8tes recherchant une absorption rapide et une puret\u00e9 maximale.<\/span> <span class=\"relative -mx-px my-[-0.2rem] rounded px-px py-[0.2rem] transition-colors duration-100 ease-in-out\">Elle est particuli\u00e8rement adapt\u00e9e apr\u00e8s l&rsquo;entra\u00eenement ou en collation pour favoriser la r\u00e9cup\u00e9ration musculaire.<\/span><\/p>\n","protected":false},"featured_media":6139,"template":"","meta":{"site-sidebar-layout":"default","site-content-layout":"","ast-site-content-layout":"default","site-content-style":"default","site-sidebar-style":"default","ast-global-header-display":"","ast-banner-title-visibility":"","ast-main-header-display":"","ast-hfb-above-header-display":"","ast-hfb-below-header-display":"","ast-hfb-mobile-header-display":"","site-post-title":"","ast-breadcrumbs-content":"","ast-featured-img":"","footer-sml-layout":"","theme-transparent-header-meta":"default","adv-header-id-meta":"","stick-header-meta":"","header-above-stick-meta":"","header-main-stick-meta":"","header-below-stick-meta":"","astra-migrate-meta-layouts":"set","ast-page-background-enabled":"default","ast-page-background-meta":{"desktop":{"background-color":"","background-image":"","background-repeat":"repeat","background-position":"center center","background-size":"auto","background-attachment":"scroll","background-type":"","background-media":"","overlay-type":"","overlay-color":"","overlay-opacity":"","overlay-gradient":""},"tablet":{"background-color":"","background-image":"","background-repeat":"repeat","background-position":"center center","background-size":"auto","background-attachment":"scroll","background-type":"","background-media":"","overlay-type":"","overlay-color":"","overlay-opacity":"","overlay-gradient":""},"mobile":{"background-color":"","background-image":"","background-repeat":"repeat","background-position":"center center","background-size":"auto","background-attachment":"scroll","background-type":"","background-media":"","overlay-type":"","overlay-color":"","overlay-opacity":"","overlay-gradient":""}},"ast-content-background-meta":{"desktop":{"background-color":"var(--ast-global-color-5)","background-image":"","background-repeat":"repeat","background-position":"center center","background-size":"auto","background-attachment":"scroll","background-type":"","background-media":"","overlay-type":"","overlay-color":"","overlay-opacity":"","overlay-gradient":""},"tablet":{"background-color":"var(--ast-global-color-5)","background-image":"","background-repeat":"repeat","background-position":"center center","background-size":"auto","background-attachment":"scroll","background-type":"","background-media":"","overlay-type":"","overlay-color":"","overlay-opacity":"","overlay-gradient":""},"mobile":{"background-color":"var(--ast-global-color-5)","background-image":"","background-repeat":"repeat","background-position":"center center","background-size":"auto","background-attachment":"scroll","background-type":"","background-media":"","overlay-type":"","overlay-color":"","overlay-opacity":"","overlay-gradient":""}}},"product_brand":[70],"product_cat":[59],"product_tag":[],"class_list":{"0":"post-5647","1":"product","2":"type-product","3":"status-publish","4":"has-post-thumbnail","6":"product_brand-optimum-nutrition","7":"product_cat-whey-proteine","8":"desktop-align-center","9":"tablet-align-center","10":"mobile-align-center","12":"first","13":"instock","14":"shipping-taxable","15":"purchasable","16":"product-type-simple"},"_links":{"self":[{"href":"https:\/\/dietpartner.shop\/index.php?rest_route=\/wp\/v2\/product\/5647","targetHints":{"allow":["GET"]}}],"collection":[{"href":"https:\/\/dietpartner.shop\/index.php?rest_route=\/wp\/v2\/product"}],"about":[{"href":"https:\/\/dietpartner.shop\/index.php?rest_route=\/wp\/v2\/types\/product"}],"wp:featuredmedia":[{"embeddable":true,"href":"https:\/\/dietpartner.shop\/index.php?rest_route=\/wp\/v2\/media\/6139"}],"wp:attachment":[{"href":"https:\/\/dietpartner.shop\/index.php?rest_route=%2Fwp%2Fv2%2Fmedia&parent=5647"}],"wp:term":[{"taxonomy":"product_brand","embeddable":true,"href":"https:\/\/dietpartner.shop\/index.php?rest_route=%2Fwp%2Fv2%2Fproduct_brand&post=5647"},{"taxonomy":"product_cat","embeddable":true,"href":"https:\/\/dietpartner.shop\/index.php?rest_route=%2Fwp%2Fv2%2Fproduct_cat&post=5647"},{"taxonomy":"product_tag","embeddable":true,"href":"https:\/\/dietpartner.shop\/index.php?rest_route=%2Fwp%2Fv2%2Fproduct_tag&post=5647"}],"curies":[{"name":"wp","href":"https:\/\/api.w.org\/{rel}","templated":true}]}}