{"id":5655,"date":"2025-04-16T19:20:14","date_gmt":"2025-04-16T18:20:14","guid":{"rendered":"https:\/\/dietpartner.shop\/?post_type=product&#038;p=5655"},"modified":"2025-12-21T10:37:06","modified_gmt":"2025-12-21T09:37:06","slug":"opti-women","status":"publish","type":"product","link":"https:\/\/dietpartner.shop\/?product=opti-women","title":{"rendered":"OPTI-WOMEN"},"content":{"rendered":"<h3 class=\"\" data-start=\"128\" data-end=\"172\">Composition par portion (2 g\u00e9lules) :<\/h3>\n<ul data-start=\"174\" data-end=\"744\">\n<li class=\"\" data-start=\"174\" data-end=\"273\">\n<p class=\"\" data-start=\"176\" data-end=\"273\"><strong data-start=\"176\" data-end=\"189\">Vitamines<\/strong> : <span class=\"relative -mx-px my-[-0.2rem] rounded px-px py-[0.2rem] transition-colors duration-100 ease-in-out\">A, C, D, E, K, B1 (thiamine), B2 (riboflavine), B3 (niacine), B5 (acide pantoth\u00e9nique), B6, B12, acide folique (400 \u00b5g), biotine, calcium, iode, magn\u00e9sium, zinc, s\u00e9l\u00e9nium, cuivre, mangan\u00e8se, chrome, molybd\u00e8ne.<\/span>\u200b<\/p>\n<\/li>\n<li class=\"\" data-start=\"275\" data-end=\"744\">\n<p class=\"\" data-start=\"277\" data-end=\"306\"><strong data-start=\"277\" data-end=\"304\">Ingr\u00e9dients sp\u00e9cialis\u00e9s<\/strong> :<\/p>\n<ul data-start=\"309\" data-end=\"744\">\n<li class=\"\" data-start=\"309\" data-end=\"384\">\n<p class=\"\" data-start=\"311\" data-end=\"384\"><strong data-start=\"311\" data-end=\"344\">Dong Quai (Angelica sinensis)<\/strong> : <span class=\"relative -mx-px my-[-0.2rem] rounded px-px py-[0.2rem] transition-colors duration-100 ease-in-out\">80 mg \u2013 soutient la sant\u00e9 hormonale f\u00e9minine.<\/span><\/p>\n<\/li>\n<li class=\"\" data-start=\"387\" data-end=\"452\">\n<p class=\"\" data-start=\"389\" data-end=\"452\"><strong data-start=\"389\" data-end=\"412\">Vitex (Chasteberry)<\/strong> : <span class=\"relative -mx-px my-[-0.2rem] rounded px-px py-[0.2rem] transition-colors duration-100 ease-in-out\">50 mg \u2013 aide \u00e0 \u00e9quilibrer les niveaux d&rsquo;\u0153strog\u00e8ne et de progest\u00e9rone.<\/span><\/p>\n<\/li>\n<li class=\"\" data-start=\"455\" data-end=\"518\">\n<p class=\"\" data-start=\"457\" data-end=\"518\"><strong data-start=\"457\" data-end=\"478\">Garcinia Cambogia<\/strong> : <span class=\"relative -mx-px my-[-0.2rem] rounded px-px py-[0.2rem] transition-colors duration-100 ease-in-out\">50 mg \u2013 utilis\u00e9 pour la gestion du poids.<\/span><\/p>\n<\/li>\n<li class=\"\" data-start=\"521\" data-end=\"744\">\n<p class=\"\" data-start=\"523\" data-end=\"744\"><strong data-start=\"523\" data-end=\"660\">Uva Ursi, Marronnier d&rsquo;Inde, Ail d\u00e9sodoris\u00e9, Bioflavono\u00efdes d&rsquo;agrumes, Lycop\u00e8ne, Lut\u00e9ine, Alpha-carot\u00e8ne, Cryptoxanthine, Z\u00e9axanthine<\/strong> : <span class=\"relative -mx-px my-[-0.2rem] rounded px-px py-[0.2rem] transition-colors duration-100 ease-in-out\">antioxydants et compos\u00e9s b\u00e9n\u00e9fiques pour la sant\u00e9 g\u00e9n\u00e9rale.<\/span>\u200b<\/p>\n<\/li>\n<\/ul>\n<\/li>\n<\/ul>\n<h3 class=\"\" data-start=\"746\" data-end=\"774\">\u00a0Avantages principaux :<\/h3>\n<ul data-start=\"776\" data-end=\"1148\">\n<li class=\"\" data-start=\"776\" data-end=\"846\">\n<p class=\"\" data-start=\"778\" data-end=\"846\"><strong data-start=\"778\" data-end=\"804\">\u00c9nergie et m\u00e9tabolisme<\/strong> : <span class=\"relative -mx-px my-[-0.2rem] rounded px-px py-[0.2rem] transition-colors duration-100 ease-in-out\">Les vitamines B et le fer (18 mg) contribuent \u00e0 un m\u00e9tabolisme \u00e9nerg\u00e9tique normal.<\/span><\/p>\n<\/li>\n<li class=\"\" data-start=\"847\" data-end=\"910\">\n<p class=\"\" data-start=\"849\" data-end=\"910\"><strong data-start=\"849\" data-end=\"868\">Sant\u00e9 hormonale<\/strong> : <span class=\"relative -mx-px my-[-0.2rem] rounded px-px py-[0.2rem] transition-colors duration-100 ease-in-out\">Le dong quai et le vitex aident \u00e0 r\u00e9guler les niveaux hormonaux f\u00e9minins.<\/span><\/p>\n<\/li>\n<li class=\"\" data-start=\"911\" data-end=\"972\">\n<p class=\"\" data-start=\"913\" data-end=\"972\"><strong data-start=\"913\" data-end=\"930\">Sant\u00e9 osseuse<\/strong> : <span class=\"relative -mx-px my-[-0.2rem] rounded px-px py-[0.2rem] transition-colors duration-100 ease-in-out\">Le calcium (150 mg) et le magn\u00e9sium soutiennent la sant\u00e9 des os.<\/span><\/p>\n<\/li>\n<li class=\"\" data-start=\"973\" data-end=\"1033\">\n<p class=\"\" data-start=\"975\" data-end=\"1033\"><strong data-start=\"975\" data-end=\"991\">Antioxydants<\/strong> : <span class=\"relative -mx-px my-[-0.2rem] rounded px-px py-[0.2rem] transition-colors duration-100 ease-in-out\">Prot\u00e8gent les cellules contre les radicaux libres.<\/span><\/p>\n<\/li>\n<li class=\"\" data-start=\"1034\" data-end=\"1148\">\n<p class=\"\" data-start=\"1036\" data-end=\"1148\"><strong data-start=\"1036\" data-end=\"1060\">Formule v\u00e9g\u00e9tarienne<\/strong> : <span class=\"relative -mx-px my-[-0.2rem] rounded px-px py-[0.2rem] transition-colors duration-100 ease-in-out\">G\u00e9lules approuv\u00e9es par la Vegetarian Society.<\/span><\/p>\n<\/li>\n<\/ul>\n","protected":false},"excerpt":{"rendered":"<p><span class=\"relative -mx-px my-[-0.2rem] rounded px-px py-[0.2rem] transition-colors duration-100 ease-in-out\"><strong data-start=\"0\" data-end=\"14\" data-is-only-node=\"\">Opti-Women<\/strong> d&rsquo;<strong data-start=\"17\" data-end=\"38\">Optimum Nutrition<\/strong> est un compl\u00e9ment multivitamin\u00e9 con\u00e7u sp\u00e9cifiquement pour r\u00e9pondre aux besoins nutritionnels des femmes actives.<\/span> <span class=\"relative -mx-px my-[-0.2rem] rounded px-px py-[0.2rem] transition-colors duration-100 ease-in-out\">Il combine 23 vitamines et min\u00e9raux essentiels avec 17 ingr\u00e9dients sp\u00e9cialis\u00e9s pour soutenir l&rsquo;\u00e9nergie, la sant\u00e9 hormonale et le bien-\u00eatre g\u00e9n\u00e9ral.<\/span><\/p>\n","protected":false},"featured_media":6083,"template":"","meta":{"site-sidebar-layout":"default","site-content-layout":"","ast-site-content-layout":"default","site-content-style":"default","site-sidebar-style":"default","ast-global-header-display":"","ast-banner-title-visibility":"","ast-main-header-display":"","ast-hfb-above-header-display":"","ast-hfb-below-header-display":"","ast-hfb-mobile-header-display":"","site-post-title":"","ast-breadcrumbs-content":"","ast-featured-img":"","footer-sml-layout":"","theme-transparent-header-meta":"default","adv-header-id-meta":"","stick-header-meta":"","header-above-stick-meta":"","header-main-stick-meta":"","header-below-stick-meta":"","astra-migrate-meta-layouts":"set","ast-page-background-enabled":"default","ast-page-background-meta":{"desktop":{"background-color":"","background-image":"","background-repeat":"repeat","background-position":"center center","background-size":"auto","background-attachment":"scroll","background-type":"","background-media":"","overlay-type":"","overlay-color":"","overlay-opacity":"","overlay-gradient":""},"tablet":{"background-color":"","background-image":"","background-repeat":"repeat","background-position":"center center","background-size":"auto","background-attachment":"scroll","background-type":"","background-media":"","overlay-type":"","overlay-color":"","overlay-opacity":"","overlay-gradient":""},"mobile":{"background-color":"","background-image":"","background-repeat":"repeat","background-position":"center center","background-size":"auto","background-attachment":"scroll","background-type":"","background-media":"","overlay-type":"","overlay-color":"","overlay-opacity":"","overlay-gradient":""}},"ast-content-background-meta":{"desktop":{"background-color":"var(--ast-global-color-5)","background-image":"","background-repeat":"repeat","background-position":"center center","background-size":"auto","background-attachment":"scroll","background-type":"","background-media":"","overlay-type":"","overlay-color":"","overlay-opacity":"","overlay-gradient":""},"tablet":{"background-color":"var(--ast-global-color-5)","background-image":"","background-repeat":"repeat","background-position":"center center","background-size":"auto","background-attachment":"scroll","background-type":"","background-media":"","overlay-type":"","overlay-color":"","overlay-opacity":"","overlay-gradient":""},"mobile":{"background-color":"var(--ast-global-color-5)","background-image":"","background-repeat":"repeat","background-position":"center center","background-size":"auto","background-attachment":"scroll","background-type":"","background-media":"","overlay-type":"","overlay-color":"","overlay-opacity":"","overlay-gradient":""}}},"product_brand":[70],"product_cat":[57],"product_tag":[],"class_list":{"0":"post-5655","1":"product","2":"type-product","3":"status-publish","4":"has-post-thumbnail","6":"product_brand-optimum-nutrition","7":"product_cat-vitamine-mineraux","8":"desktop-align-center","9":"tablet-align-center","10":"mobile-align-center","12":"first","13":"outofstock","14":"shipping-taxable","15":"purchasable","16":"product-type-simple"},"_links":{"self":[{"href":"https:\/\/dietpartner.shop\/index.php?rest_route=\/wp\/v2\/product\/5655","targetHints":{"allow":["GET"]}}],"collection":[{"href":"https:\/\/dietpartner.shop\/index.php?rest_route=\/wp\/v2\/product"}],"about":[{"href":"https:\/\/dietpartner.shop\/index.php?rest_route=\/wp\/v2\/types\/product"}],"wp:featuredmedia":[{"embeddable":true,"href":"https:\/\/dietpartner.shop\/index.php?rest_route=\/wp\/v2\/media\/6083"}],"wp:attachment":[{"href":"https:\/\/dietpartner.shop\/index.php?rest_route=%2Fwp%2Fv2%2Fmedia&parent=5655"}],"wp:term":[{"taxonomy":"product_brand","embeddable":true,"href":"https:\/\/dietpartner.shop\/index.php?rest_route=%2Fwp%2Fv2%2Fproduct_brand&post=5655"},{"taxonomy":"product_cat","embeddable":true,"href":"https:\/\/dietpartner.shop\/index.php?rest_route=%2Fwp%2Fv2%2Fproduct_cat&post=5655"},{"taxonomy":"product_tag","embeddable":true,"href":"https:\/\/dietpartner.shop\/index.php?rest_route=%2Fwp%2Fv2%2Fproduct_tag&post=5655"}],"curies":[{"name":"wp","href":"https:\/\/api.w.org\/{rel}","templated":true}]}}