{"id":6256,"date":"2025-06-26T23:20:26","date_gmt":"2025-06-26T22:20:26","guid":{"rendered":"https:\/\/dietpartner.shop\/?post_type=product&#038;p=6256"},"modified":"2026-04-27T10:19:17","modified_gmt":"2026-04-27T09:19:17","slug":"bulk-muscle-xl-bpi-sports-6kg","status":"publish","type":"product","link":"https:\/\/dietpartner.shop\/?product=bulk-muscle-xl-bpi-sports-6kg","title":{"rendered":"Bulk Muscle XL\u2122 &#8211; BPI Sports | 6kg"},"content":{"rendered":"<p>Pourquoi choisir Bulk Muscle XL\u2122 ?<br \/>\n\u2705 25 g de prot\u00e9ines pour nourrir vos muscles et soutenir leur d\u00e9veloppement.<br \/>\n\u2705 497 calories par portion pour favoriser une prise de masse efficace.<br \/>\n\u2705 88 g de glucides pour une source d\u2019\u00e9nergie durable et un meilleur stockage du glycog\u00e8ne.<br \/>\n\u2705 Id\u00e9al en post-entra\u00eenement ou en substitut de repas pour un apport nutritionnel optimal.<br \/>\nMode d\u2019emploi :<br \/>\n\ud83d\udd50 Quand ? Apr\u00e8s l&rsquo;entra\u00eenement ou en substitut de repas.<\/p>\n<p>\ud83e\udd64 Comment ? M\u00e9langer 2 scoops avec 470 ml d&rsquo;eau et consommer imm\u00e9diatement.<\/p>\n<p>Ingr\u00e9dients :<br \/>\nMaltodextrine, concentr\u00e9 de prot\u00e9ines de lactos\u00e9rum, ar\u00f4mes naturels et artificiels, cacao rouge russet, gomme de cellulose, sucralose et ac\u00e9sulfame-\u03ba.<\/p>\n<p>Contient :<br \/>\nlait et soja. fabriqu\u00e9 dans une usine qui traite \u00e9galement des \u0153ufs, des noix et du bl\u00e9.<\/p>\n","protected":false},"excerpt":{"rendered":"<p>Bulk Muscle XL\u2122 &#8211; BPI Sports | Gainer de Masse Riche en Prot\u00e9ines et Glucides<br \/>\nBulk Muscle XL\u2122 de BPI Sports est une formule avanc\u00e9e sp\u00e9cialement con\u00e7ue pour ceux qui cherchent \u00e0 prendre de la masse musculaire rapidement et efficacement. Avec une portion riche en prot\u00e9ines et en glucides, ce gainer apporte l\u2019\u00e9nergie et les nutriments essentiels pour soutenir vos entra\u00eenements et acc\u00e9l\u00e9rer la r\u00e9cup\u00e9ration.<\/p>\n<p>Une portion riche en nutriments essentiels (124g) :<br \/>\n\ud83d\udd39 25 g de prot\u00e9ines pour nourrir les muscles et favoriser leur d\u00e9veloppement<\/p>\n<p>\ud83d\udd39 497 calories pour un apport \u00e9nerg\u00e9tique optimal<\/p>\n<p>\ud83d\udd39 88 g de glucides pour reconstituer les r\u00e9serves de glycog\u00e8ne et stimuler la prise de masse<\/p>\n","protected":false},"featured_media":6245,"template":"","meta":{"site-sidebar-layout":"default","site-content-layout":"","ast-site-content-layout":"default","site-content-style":"default","site-sidebar-style":"default","ast-global-header-display":"","ast-banner-title-visibility":"","ast-main-header-display":"","ast-hfb-above-header-display":"","ast-hfb-below-header-display":"","ast-hfb-mobile-header-display":"","site-post-title":"","ast-breadcrumbs-content":"","ast-featured-img":"","footer-sml-layout":"","theme-transparent-header-meta":"default","adv-header-id-meta":"","stick-header-meta":"","header-above-stick-meta":"","header-main-stick-meta":"","header-below-stick-meta":"","astra-migrate-meta-layouts":"set","ast-page-background-enabled":"default","ast-page-background-meta":{"desktop":{"background-color":"","background-image":"","background-repeat":"repeat","background-position":"center center","background-size":"auto","background-attachment":"scroll","background-type":"","background-media":"","overlay-type":"","overlay-color":"","overlay-opacity":"","overlay-gradient":""},"tablet":{"background-color":"","background-image":"","background-repeat":"repeat","background-position":"center center","background-size":"auto","background-attachment":"scroll","background-type":"","background-media":"","overlay-type":"","overlay-color":"","overlay-opacity":"","overlay-gradient":""},"mobile":{"background-color":"","background-image":"","background-repeat":"repeat","background-position":"center center","background-size":"auto","background-attachment":"scroll","background-type":"","background-media":"","overlay-type":"","overlay-color":"","overlay-opacity":"","overlay-gradient":""}},"ast-content-background-meta":{"desktop":{"background-color":"var(--ast-global-color-5)","background-image":"","background-repeat":"repeat","background-position":"center center","background-size":"auto","background-attachment":"scroll","background-type":"","background-media":"","overlay-type":"","overlay-color":"","overlay-opacity":"","overlay-gradient":""},"tablet":{"background-color":"var(--ast-global-color-5)","background-image":"","background-repeat":"repeat","background-position":"center center","background-size":"auto","background-attachment":"scroll","background-type":"","background-media":"","overlay-type":"","overlay-color":"","overlay-opacity":"","overlay-gradient":""},"mobile":{"background-color":"var(--ast-global-color-5)","background-image":"","background-repeat":"repeat","background-position":"center center","background-size":"auto","background-attachment":"scroll","background-type":"","background-media":"","overlay-type":"","overlay-color":"","overlay-opacity":"","overlay-gradient":""}}},"product_brand":[69],"product_cat":[77,58],"product_tag":[],"class_list":{"0":"post-6256","1":"product","2":"type-product","3":"status-publish","4":"has-post-thumbnail","6":"product_brand-bpi-sports","7":"product_cat-mass-gainer","8":"product_cat-produits","9":"desktop-align-center","10":"tablet-align-center","11":"mobile-align-center","13":"first","14":"outofstock","15":"shipping-taxable","16":"purchasable","17":"product-type-simple"},"_links":{"self":[{"href":"https:\/\/dietpartner.shop\/index.php?rest_route=\/wp\/v2\/product\/6256","targetHints":{"allow":["GET"]}}],"collection":[{"href":"https:\/\/dietpartner.shop\/index.php?rest_route=\/wp\/v2\/product"}],"about":[{"href":"https:\/\/dietpartner.shop\/index.php?rest_route=\/wp\/v2\/types\/product"}],"wp:featuredmedia":[{"embeddable":true,"href":"https:\/\/dietpartner.shop\/index.php?rest_route=\/wp\/v2\/media\/6245"}],"wp:attachment":[{"href":"https:\/\/dietpartner.shop\/index.php?rest_route=%2Fwp%2Fv2%2Fmedia&parent=6256"}],"wp:term":[{"taxonomy":"product_brand","embeddable":true,"href":"https:\/\/dietpartner.shop\/index.php?rest_route=%2Fwp%2Fv2%2Fproduct_brand&post=6256"},{"taxonomy":"product_cat","embeddable":true,"href":"https:\/\/dietpartner.shop\/index.php?rest_route=%2Fwp%2Fv2%2Fproduct_cat&post=6256"},{"taxonomy":"product_tag","embeddable":true,"href":"https:\/\/dietpartner.shop\/index.php?rest_route=%2Fwp%2Fv2%2Fproduct_tag&post=6256"}],"curies":[{"name":"wp","href":"https:\/\/api.w.org\/{rel}","templated":true}]}}