{"id":6281,"date":"2025-07-09T22:38:09","date_gmt":"2025-07-09T21:38:09","guid":{"rendered":"https:\/\/dietpartner.shop\/?post_type=product&#038;p=6281"},"modified":"2025-07-10T13:07:02","modified_gmt":"2025-07-10T12:07:02","slug":"amino-eaa-xplode-poudre-520g","status":"publish","type":"product","link":"https:\/\/dietpartner.shop\/?product=amino-eaa-xplode-poudre-520g","title":{"rendered":"Amino EAA Xplode poudre | 520G"},"content":{"rendered":"<h4><strong>AMINO EAA XPLODE &#8211; OLIMP SPORT NUTRITION\u00a0<\/strong><\/h4>\n<p>Pour cette formule de AMINO EAA Xplode, nous avons non seulement cherch\u00e9 \u00e0 obtenir le bon rapport, mais \u00e9galement \u00e0 cr\u00e9er une composition complexe. Ainsi, en plus d&rsquo;incorporer tous les acides amin\u00e9s essentiels, nous avons ajouter de la vitamine B6 pour une meilleure assimilation. Id\u00e9ale pour une r\u00e9cup\u00e9ration et une construction musculaire optimale .<\/p>\n<ul>\n<li>Enrichissement du r\u00e9gime en amino-acides BCAA et EAA<\/li>\n<li>Plus de 9 g de BCAA de EAA dans chaque portion!<\/li>\n<li>Soutien au d\u00e9veloppement de la masse musculaire<\/li>\n<li>Recommand\u00e9 aux personnes physiquement actives et aux sportifs de haut niveau<\/li>\n<li>Produit enrichit en vitamines du groupe B (niacyne, vitamine B6)<\/li>\n<\/ul>\n<h4><strong>INGR\u00c9DIENTS<\/strong><\/h4>\n<p>EAA mtrx [L-leucine, L-lysine HCl, L-valine, L-isoleucine, L-thr\u00e9onine, L-ph\u00e9nyloalanine, L-m\u00e9thionine, L-tryptophane], EAA Support [L-glutamine, L-tyrosine, L-histidine HCl, L-alanine, cystine (comme source de L-cysteine)], EXTRA BCAA [L-leucine, L-isoleucine, L-valine], niacine (nicotinamide), vit. B6 (pyridoxine hydrochloride); \u00e9paississant \u2013 gomme d&rsquo;acacia, r\u00e9gulateur d&rsquo;acidit\u00e9 \u2013 acide malique, acide citrique, citrate de sodium; ar\u00f4mes, \u00e9dulcorants \u2013 ac\u00e9sulfame K, sucralose.<\/p>\n<p><img fetchpriority=\"high\" decoding=\"async\" src=\"https:\/\/www.nutrisport-performances.com\/img\/cms\/EAA%20XPLODE%20Olimp.jpg\" alt=\"\" width=\"732\" height=\"937\" \/><\/p>\n<h4><strong>UTILISATION<\/strong><\/h4>\n<p>M\u00e9langez 1 portion (13 g de poudre &#8211; 30 unit\u00e9s de mesure = 1 cuill\u00e8re ou 2 cuill\u00e8res \u00e0 plat) \u00e0 150 ml d&rsquo;eau et consommez avant l&rsquo;entrainement, et de suite apr\u00e8s l&rsquo;entrainement.<\/p>\n<p>&nbsp;<\/p>\n<h4><strong>PR\u00c9CAUTIONS<\/strong><\/h4>\n<p>Ne pas donner aux enfants, ne pas donner aux femmes enceintes, ne jamais d\u00e9passer la dose journali\u00e8re recommand\u00e9e<\/p>\n","protected":false},"excerpt":{"rendered":"<p>AMINO EAA XPLODE &#8211; OLIMP SPORT NUTRITION\u00a0 Pour cette formule de AMINO EAA Xplode, nous avons non seulement cherch\u00e9 \u00e0 obtenir le bon rapport, mais \u00e9galement \u00e0 cr\u00e9er une composition complexe. Ainsi, en plus d&rsquo;incorporer tous les acides amin\u00e9s essentiels, nous avons ajouter de la vitamine B6 pour une meilleure assimilation. Id\u00e9ale pour une r\u00e9cup\u00e9ration [&hellip;]<\/p>\n","protected":false},"featured_media":6273,"template":"","meta":{"site-sidebar-layout":"default","site-content-layout":"","ast-site-content-layout":"default","site-content-style":"default","site-sidebar-style":"default","ast-global-header-display":"","ast-banner-title-visibility":"","ast-main-header-display":"","ast-hfb-above-header-display":"","ast-hfb-below-header-display":"","ast-hfb-mobile-header-display":"","site-post-title":"","ast-breadcrumbs-content":"","ast-featured-img":"","footer-sml-layout":"","theme-transparent-header-meta":"default","adv-header-id-meta":"","stick-header-meta":"","header-above-stick-meta":"","header-main-stick-meta":"","header-below-stick-meta":"","astra-migrate-meta-layouts":"set","ast-page-background-enabled":"default","ast-page-background-meta":{"desktop":{"background-color":"","background-image":"","background-repeat":"repeat","background-position":"center center","background-size":"auto","background-attachment":"scroll","background-type":"","background-media":"","overlay-type":"","overlay-color":"","overlay-opacity":"","overlay-gradient":""},"tablet":{"background-color":"","background-image":"","background-repeat":"repeat","background-position":"center center","background-size":"auto","background-attachment":"scroll","background-type":"","background-media":"","overlay-type":"","overlay-color":"","overlay-opacity":"","overlay-gradient":""},"mobile":{"background-color":"","background-image":"","background-repeat":"repeat","background-position":"center center","background-size":"auto","background-attachment":"scroll","background-type":"","background-media":"","overlay-type":"","overlay-color":"","overlay-opacity":"","overlay-gradient":""}},"ast-content-background-meta":{"desktop":{"background-color":"var(--ast-global-color-5)","background-image":"","background-repeat":"repeat","background-position":"center center","background-size":"auto","background-attachment":"scroll","background-type":"","background-media":"","overlay-type":"","overlay-color":"","overlay-opacity":"","overlay-gradient":""},"tablet":{"background-color":"var(--ast-global-color-5)","background-image":"","background-repeat":"repeat","background-position":"center center","background-size":"auto","background-attachment":"scroll","background-type":"","background-media":"","overlay-type":"","overlay-color":"","overlay-opacity":"","overlay-gradient":""},"mobile":{"background-color":"var(--ast-global-color-5)","background-image":"","background-repeat":"repeat","background-position":"center center","background-size":"auto","background-attachment":"scroll","background-type":"","background-media":"","overlay-type":"","overlay-color":"","overlay-opacity":"","overlay-gradient":""}}},"product_brand":[88,63],"product_cat":[75,58],"product_tag":[],"class_list":{"0":"post-6281","1":"product","2":"type-product","3":"status-publish","4":"has-post-thumbnail","6":"product_brand-olimp","7":"product_brand-olimp-sport-nutrition","8":"product_cat-acides-amines-tunisie","9":"product_cat-produits","10":"desktop-align-center","11":"tablet-align-center","12":"mobile-align-center","14":"first","15":"instock","16":"shipping-taxable","17":"purchasable","18":"product-type-simple"},"_links":{"self":[{"href":"https:\/\/dietpartner.shop\/index.php?rest_route=\/wp\/v2\/product\/6281","targetHints":{"allow":["GET"]}}],"collection":[{"href":"https:\/\/dietpartner.shop\/index.php?rest_route=\/wp\/v2\/product"}],"about":[{"href":"https:\/\/dietpartner.shop\/index.php?rest_route=\/wp\/v2\/types\/product"}],"wp:featuredmedia":[{"embeddable":true,"href":"https:\/\/dietpartner.shop\/index.php?rest_route=\/wp\/v2\/media\/6273"}],"wp:attachment":[{"href":"https:\/\/dietpartner.shop\/index.php?rest_route=%2Fwp%2Fv2%2Fmedia&parent=6281"}],"wp:term":[{"taxonomy":"product_brand","embeddable":true,"href":"https:\/\/dietpartner.shop\/index.php?rest_route=%2Fwp%2Fv2%2Fproduct_brand&post=6281"},{"taxonomy":"product_cat","embeddable":true,"href":"https:\/\/dietpartner.shop\/index.php?rest_route=%2Fwp%2Fv2%2Fproduct_cat&post=6281"},{"taxonomy":"product_tag","embeddable":true,"href":"https:\/\/dietpartner.shop\/index.php?rest_route=%2Fwp%2Fv2%2Fproduct_tag&post=6281"}],"curies":[{"name":"wp","href":"https:\/\/api.w.org\/{rel}","templated":true}]}}