{"id":6283,"date":"2025-07-09T22:42:52","date_gmt":"2025-07-09T21:42:52","guid":{"rendered":"https:\/\/dietpartner.shop\/?post_type=product&#038;p=6283"},"modified":"2025-07-10T13:07:28","modified_gmt":"2025-07-10T12:07:28","slug":"ashwagandha-600-sport-60-caps","status":"publish","type":"product","link":"https:\/\/dietpartner.shop\/?product=ashwagandha-600-sport-60-caps","title":{"rendered":"Ashwagandha 600 Sport | 60 Caps"},"content":{"rendered":"<h4>ASHWAGANDHA 600 SPORT &#8211; OLIMP SPORT NUTRITION<\/h4>\n<p>ASHWAGANDHA est une racine qui permet de fortifier l\u2019organisme tout en luttant contre les m\u00e9faits du mauvais stress interne. Elle r\u00e9gularise et \u00e9quilibre, que ce soit les hormones du corps, le syst\u00e8me nerveux et les cycles veille \/ sommeil. L&rsquo;ashwagandha permet d\u2019\u00e9viter les r\u00e9veils nocturnes dus \u00e0 un exc\u00e8s de fatigue<\/p>\n<p>Les adaptog\u00e8nes sont d\u00e9sormais pr\u00e9sents dans la suppl\u00e9mentation quotidienne des personnes actives physiquement. Rien d\u2019\u00e9tonnant, car les extraits naturels de plantes permettent d&rsquo;influer positivement l&rsquo;organisme, de mani\u00e8re s\u00fbre et \u00e0 diff\u00e9rents niveaux.<\/p>\n<p><img fetchpriority=\"high\" decoding=\"async\" src=\"https:\/\/www.nutrisport-performances.com\/img\/cms\/testosterone.jpg\" alt=\"\" width=\"800\" height=\"534\" \/><\/p>\n<p>L\u2019ashwagandha (Withania somnifera), connue \u00e9galement sous le nom de ginseng indien ou cerisier d\u2019hiver, est utilis\u00e9e depuis des si\u00e8cles dans la m\u00e9decine traditionnelle indienne.<\/p>\n<p>Olimp Sport Nutrition propose un extrait brevet\u00e9 de qualit\u00e9 sup\u00e9rieure de la racine de cette plante, normalis\u00e9 pour une teneur \u00e9lev\u00e9e en principes actifs (5% withanolides). Ashwagandha 600 Sport est un suppl\u00e9ment alimentaire pour les personnes physiquement actives, favorisant l\u2019entrainement corporel et de meilleurs r\u00e9sultats.<\/p>\n<p>Faites confiance \u00e0 la nature! Optez pour le suppl\u00e9ment alimentaire Ahswagandha 600 Sport, afin d\u2019assurer un bon fonctionnement du syst\u00e8me nerveux et immunitaire, une construction plus efficace de la masse musculaire et une r\u00e9g\u00e9n\u00e9ration plus rapide de l&rsquo;organisme apr\u00e8s un effort intensif. Cet adaptog\u00e8ne extraordinaire poss\u00e8de \u00e9galement d\u2019excellentes propri\u00e9t\u00e9s antioxydantes.<\/p>\n<p><img decoding=\"async\" src=\"https:\/\/www.nutrisport-performances.com\/img\/cms\/ashwagandha_1.jpg\" alt=\"\" width=\"800\" height=\"541\" \/><\/p>\n<h4>ET CE N&rsquo;EST PAS TOUT !<\/h4>\n<p>Le proc\u00e9d\u00e9 d&rsquo;extraction unique pour la forme brevet\u00e9e KSM-66, bas\u00e9 sur les principes Green Chemistry &#8211; sans alcool ni solvants synth\u00e9tiques \u2013 permet d&rsquo;obtenir un extrait tr\u00e8s concentr\u00e9, tout en pr\u00e9servant l\u2019ensemble des ingr\u00e9dients naturels de la plante dans des proportions originales.<\/p>\n<h4>LES POINTS FORTS<\/h4>\n<ul>\n<li>Extrait d&rsquo;ahwagandha brevet\u00e9 de qualit\u00e9 sup\u00e9rieure KSM-66<\/li>\n<li>Adaptog\u00e8ne populaire pour les athl\u00e8tes amateurs et de haut-niveau<\/li>\n<li>Soutien du syst\u00e8me nerveux (effet b\u00e9n\u00e9fique sur la m\u00e9moire), du syst\u00e8me immunitaire et du syst\u00e8me reproductif (effet b\u00e9n\u00e9fique sur la fonction sexuelle)<\/li>\n<li>Soutien au d\u00e9veloppement de la masse musculaire<\/li>\n<li>Soutien \u00e0 la protection des cellules contre le stress oxydatif<\/li>\n<\/ul>\n<p><img decoding=\"async\" src=\"https:\/\/www.nutrisport-performances.com\/img\/cms\/sommeil.jpg\" alt=\"\" width=\"799\" height=\"533\" \/><\/p>\n<h4>INGR\u00c9DIENTS<\/h4>\n<p>60% extraits de racines d\u2019ashwagandha KSM-66 (Withania somnifera L.), agent de charge \u2013 cellulose microcristalline ; antiagglom\u00e9rant \u2013 sels de magn\u00e9sium d\u2019acides gras, dioxyde de silicium ; g\u00e9lule (g\u00e9latine, colorant : E171).<\/p>\n<h4>INFORATIONS NUTRITIONNELLES Pour une dose (1 g\u00e9lule)<\/h4>\n<ul>\n<li>Extrait de racine d\u2019ashwagandha KSM-66 : 300mg<\/li>\n<li>dont : 5% withanolides 15mg<\/li>\n<\/ul>\n<h4>UTILISATION<\/h4>\n<p>Prendre 1 g\u00e9lule, deux fois par jour durant un repas, avec une grande quantit\u00e9 d\u2019eau.<\/p>\n<p>&nbsp;<\/p>\n<h4>PR\u00c9CAUTIONS<\/h4>\n<p>Ne pas donner aux enfants, ne pas donner aux femmes enceintes, ne jamais d\u00e9passer la dose journali\u00e8re recommand\u00e9e.<\/p>\n","protected":false},"excerpt":{"rendered":"<p>ASHWAGANDHA est une racine qui permet de fortifier l\u2019organisme tout en luttant contre les m\u00e9faits du mauvais stress interne. Elle r\u00e9gularise et \u00e9quilibre, que ce soit les hormones du corps, le syst\u00e8me nerveux et les cycles veille \/ sommeil. L&rsquo;ashwagandha permet d\u2019\u00e9viter les r\u00e9veils nocturnes dus \u00e0 un exc\u00e8s de fatigue<\/p>\n","protected":false},"featured_media":6270,"template":"","meta":{"site-sidebar-layout":"default","site-content-layout":"","ast-site-content-layout":"default","site-content-style":"default","site-sidebar-style":"default","ast-global-header-display":"","ast-banner-title-visibility":"","ast-main-header-display":"","ast-hfb-above-header-display":"","ast-hfb-below-header-display":"","ast-hfb-mobile-header-display":"","site-post-title":"","ast-breadcrumbs-content":"","ast-featured-img":"","footer-sml-layout":"","theme-transparent-header-meta":"default","adv-header-id-meta":"","stick-header-meta":"","header-above-stick-meta":"","header-main-stick-meta":"","header-below-stick-meta":"","astra-migrate-meta-layouts":"set","ast-page-background-enabled":"default","ast-page-background-meta":{"desktop":{"background-color":"","background-image":"","background-repeat":"repeat","background-position":"center center","background-size":"auto","background-attachment":"scroll","background-type":"","background-media":"","overlay-type":"","overlay-color":"","overlay-opacity":"","overlay-gradient":""},"tablet":{"background-color":"","background-image":"","background-repeat":"repeat","background-position":"center center","background-size":"auto","background-attachment":"scroll","background-type":"","background-media":"","overlay-type":"","overlay-color":"","overlay-opacity":"","overlay-gradient":""},"mobile":{"background-color":"","background-image":"","background-repeat":"repeat","background-position":"center center","background-size":"auto","background-attachment":"scroll","background-type":"","background-media":"","overlay-type":"","overlay-color":"","overlay-opacity":"","overlay-gradient":""}},"ast-content-background-meta":{"desktop":{"background-color":"var(--ast-global-color-5)","background-image":"","background-repeat":"repeat","background-position":"center center","background-size":"auto","background-attachment":"scroll","background-type":"","background-media":"","overlay-type":"","overlay-color":"","overlay-opacity":"","overlay-gradient":""},"tablet":{"background-color":"var(--ast-global-color-5)","background-image":"","background-repeat":"repeat","background-position":"center center","background-size":"auto","background-attachment":"scroll","background-type":"","background-media":"","overlay-type":"","overlay-color":"","overlay-opacity":"","overlay-gradient":""},"mobile":{"background-color":"var(--ast-global-color-5)","background-image":"","background-repeat":"repeat","background-position":"center center","background-size":"auto","background-attachment":"scroll","background-type":"","background-media":"","overlay-type":"","overlay-color":"","overlay-opacity":"","overlay-gradient":""}}},"product_brand":[88,63],"product_cat":[58,57],"product_tag":[],"class_list":{"0":"post-6283","1":"product","2":"type-product","3":"status-publish","4":"has-post-thumbnail","6":"product_brand-olimp","7":"product_brand-olimp-sport-nutrition","8":"product_cat-produits","9":"product_cat-vitamine-mineraux","10":"desktop-align-center","11":"tablet-align-center","12":"mobile-align-center","14":"first","15":"instock","16":"shipping-taxable","17":"purchasable","18":"product-type-simple"},"_links":{"self":[{"href":"https:\/\/dietpartner.shop\/index.php?rest_route=\/wp\/v2\/product\/6283","targetHints":{"allow":["GET"]}}],"collection":[{"href":"https:\/\/dietpartner.shop\/index.php?rest_route=\/wp\/v2\/product"}],"about":[{"href":"https:\/\/dietpartner.shop\/index.php?rest_route=\/wp\/v2\/types\/product"}],"wp:featuredmedia":[{"embeddable":true,"href":"https:\/\/dietpartner.shop\/index.php?rest_route=\/wp\/v2\/media\/6270"}],"wp:attachment":[{"href":"https:\/\/dietpartner.shop\/index.php?rest_route=%2Fwp%2Fv2%2Fmedia&parent=6283"}],"wp:term":[{"taxonomy":"product_brand","embeddable":true,"href":"https:\/\/dietpartner.shop\/index.php?rest_route=%2Fwp%2Fv2%2Fproduct_brand&post=6283"},{"taxonomy":"product_cat","embeddable":true,"href":"https:\/\/dietpartner.shop\/index.php?rest_route=%2Fwp%2Fv2%2Fproduct_cat&post=6283"},{"taxonomy":"product_tag","embeddable":true,"href":"https:\/\/dietpartner.shop\/index.php?rest_route=%2Fwp%2Fv2%2Fproduct_tag&post=6283"}],"curies":[{"name":"wp","href":"https:\/\/api.w.org\/{rel}","templated":true}]}}