{"id":6374,"date":"2025-09-08T14:01:40","date_gmt":"2025-09-08T13:01:40","guid":{"rendered":"https:\/\/dietpartner.shop\/?post_type=product&#038;p=6374"},"modified":"2025-09-08T14:01:40","modified_gmt":"2025-09-08T13:01:40","slug":"vitadapt-par-nutrex-research","status":"publish","type":"product","link":"https:\/\/dietpartner.shop\/?product=vitadapt-par-nutrex-research","title":{"rendered":"Vitadapt par Nutrex Research"},"content":{"rendered":"<p dir=\"ltr\" data-pm-slice=\"1 1 []\">Vitadapt par Nutrex Research est sp\u00e9cialement con\u00e7u pour r\u00e9pondre aux besoins nutritionnels intenses des athl\u00e8tes, culturistes et passionn\u00e9s de fitness. Ce multivitamine tout-en-un offre une combinaison dos\u00e9e cliniquement de 24 vitamines et min\u00e9raux, incluant un complexe complet de vitamines B pour l\u2019\u00e9nergie, du Calci-K\u00ae hautement absorbable pour soutenir les os et les muscles, et des min\u00e9raux ch\u00e9lat\u00e9s TRAACS\u00ae pour une absorption optimale. Ce qui distingue Vitadapt, c\u2019est l\u2019ajout d\u2019adaptog\u00e8nes puissants comme l\u2019Ashwagandha KSM-66\u00ae, le Rhodiola Rosea et le Schisandra Chinensis, qui aident \u00e0 r\u00e9duire le stress physique et mental, \u00e0 diminuer le cortisol et \u00e0 am\u00e9liorer l\u2019endurance. Convient aux hommes comme aux femmes, Vitadapt favorise la r\u00e9cup\u00e9ration musculaire, renforce le syst\u00e8me immunitaire et optimise les performances, en faisant le compl\u00e9ment id\u00e9al pour ceux qui repoussent leurs limites. Prenez simplement trois capsules avec votre premier repas de la journ\u00e9e pour rester \u00e9nergique, r\u00e9silient et pr\u00eat \u00e0 relever tous les d\u00e9fis. Boostez votre entra\u00eenement et votre r\u00e9cup\u00e9ration avec la formule scientifiquement prouv\u00e9e de Vitadapt !<\/p>\n","protected":false},"excerpt":{"rendered":"<p dir=\"ltr\" data-pm-slice=\"1 1 []\">Vitadapt par Nutrex Research est un multivitamine sportif haut de gamme, riche en 24 vitamines, min\u00e9raux et adaptog\u00e8nes puissants comme l\u2019Ashwagandha KSM-66\u00ae pour booster les performances, la r\u00e9cup\u00e9ration et la r\u00e9sistance au stress. Prenez-le quotidiennement pour nourrir votre corps et atteindre vos objectifs fitness !<\/p>\n","protected":false},"featured_media":6379,"template":"","meta":{"site-sidebar-layout":"default","site-content-layout":"","ast-site-content-layout":"default","site-content-style":"default","site-sidebar-style":"default","ast-global-header-display":"","ast-banner-title-visibility":"","ast-main-header-display":"","ast-hfb-above-header-display":"","ast-hfb-below-header-display":"","ast-hfb-mobile-header-display":"","site-post-title":"","ast-breadcrumbs-content":"","ast-featured-img":"","footer-sml-layout":"","theme-transparent-header-meta":"default","adv-header-id-meta":"","stick-header-meta":"","header-above-stick-meta":"","header-main-stick-meta":"","header-below-stick-meta":"","astra-migrate-meta-layouts":"set","ast-page-background-enabled":"default","ast-page-background-meta":{"desktop":{"background-color":"","background-image":"","background-repeat":"repeat","background-position":"center center","background-size":"auto","background-attachment":"scroll","background-type":"","background-media":"","overlay-type":"","overlay-color":"","overlay-opacity":"","overlay-gradient":""},"tablet":{"background-color":"","background-image":"","background-repeat":"repeat","background-position":"center center","background-size":"auto","background-attachment":"scroll","background-type":"","background-media":"","overlay-type":"","overlay-color":"","overlay-opacity":"","overlay-gradient":""},"mobile":{"background-color":"","background-image":"","background-repeat":"repeat","background-position":"center center","background-size":"auto","background-attachment":"scroll","background-type":"","background-media":"","overlay-type":"","overlay-color":"","overlay-opacity":"","overlay-gradient":""}},"ast-content-background-meta":{"desktop":{"background-color":"var(--ast-global-color-5)","background-image":"","background-repeat":"repeat","background-position":"center center","background-size":"auto","background-attachment":"scroll","background-type":"","background-media":"","overlay-type":"","overlay-color":"","overlay-opacity":"","overlay-gradient":""},"tablet":{"background-color":"var(--ast-global-color-5)","background-image":"","background-repeat":"repeat","background-position":"center center","background-size":"auto","background-attachment":"scroll","background-type":"","background-media":"","overlay-type":"","overlay-color":"","overlay-opacity":"","overlay-gradient":""},"mobile":{"background-color":"var(--ast-global-color-5)","background-image":"","background-repeat":"repeat","background-position":"center center","background-size":"auto","background-attachment":"scroll","background-type":"","background-media":"","overlay-type":"","overlay-color":"","overlay-opacity":"","overlay-gradient":""}}},"product_brand":[66],"product_cat":[58,57],"product_tag":[],"class_list":{"0":"post-6374","1":"product","2":"type-product","3":"status-publish","4":"has-post-thumbnail","6":"product_brand-nutrex","7":"product_cat-produits","8":"product_cat-vitamine-mineraux","9":"desktop-align-center","10":"tablet-align-center","11":"mobile-align-center","13":"first","14":"instock","15":"shipping-taxable","16":"purchasable","17":"product-type-simple"},"_links":{"self":[{"href":"https:\/\/dietpartner.shop\/index.php?rest_route=\/wp\/v2\/product\/6374","targetHints":{"allow":["GET"]}}],"collection":[{"href":"https:\/\/dietpartner.shop\/index.php?rest_route=\/wp\/v2\/product"}],"about":[{"href":"https:\/\/dietpartner.shop\/index.php?rest_route=\/wp\/v2\/types\/product"}],"wp:featuredmedia":[{"embeddable":true,"href":"https:\/\/dietpartner.shop\/index.php?rest_route=\/wp\/v2\/media\/6379"}],"wp:attachment":[{"href":"https:\/\/dietpartner.shop\/index.php?rest_route=%2Fwp%2Fv2%2Fmedia&parent=6374"}],"wp:term":[{"taxonomy":"product_brand","embeddable":true,"href":"https:\/\/dietpartner.shop\/index.php?rest_route=%2Fwp%2Fv2%2Fproduct_brand&post=6374"},{"taxonomy":"product_cat","embeddable":true,"href":"https:\/\/dietpartner.shop\/index.php?rest_route=%2Fwp%2Fv2%2Fproduct_cat&post=6374"},{"taxonomy":"product_tag","embeddable":true,"href":"https:\/\/dietpartner.shop\/index.php?rest_route=%2Fwp%2Fv2%2Fproduct_tag&post=6374"}],"curies":[{"name":"wp","href":"https:\/\/api.w.org\/{rel}","templated":true}]}}