{"id":6519,"date":"2025-12-01T12:28:28","date_gmt":"2025-12-01T11:28:28","guid":{"rendered":"https:\/\/dietpartner.shop\/?post_type=product&#038;p=6519"},"modified":"2025-12-04T21:15:29","modified_gmt":"2025-12-04T20:15:29","slug":"iso-whey-zero-black","status":"publish","type":"product","link":"https:\/\/dietpartner.shop\/?product=iso-whey-zero-black","title":{"rendered":"ISO WHEY ZERO BLACK"},"content":{"rendered":"<ul>\n<li>CARACTERISTIQUES DE LA WHEY ISOZERO BLACK ?<\/li>\n<\/ul>\n<ul class=\"product-description-text-list__b\">\n<li class=\"product-description-text-list-item__e\">a une teneur 90% en prot\u00e9ines<\/li>\n<li class=\"product-description-text-list-item__e\">Avec de la mati\u00e8re premi\u00e8re Native Whey Isolate<\/li>\n<li class=\"product-description-text-list-item__e\">contient 3000 mg de cr\u00e9atine par portion<\/li>\n<li class=\"product-description-text-list-item__e\">Contient de L-glutamine, de\u00a0L-arginine\u00a0et de L-tryptophane.<\/li>\n<li class=\"product-description-text-list-item__e\">Contient aussi de la bisglycinate de zinc pour un taux de testost\u00e9rone optimal<\/li>\n<li class=\"product-description-text-list-item__e\">Nous y avons ajout\u00e9 de la niacine, qui est le pr\u00e9curseur de NAD<\/li>\n<li class=\"product-description-text-list-item__e\">Sans sucre*, lactose** et gluten***<\/li>\n<li class=\"product-description-text-list-item__e\">Sans huile de palme<\/li>\n<li class=\"product-description-text-list-item__e\">Sans conservateur<\/li>\n<li class=\"product-description-text-list-item__e\">Il offre une absorption rapide et efficace<\/li>\n<\/ul>\n<p><small>*L&rsquo;all\u00e9gation porte sur le produit dissous dans l&rsquo;eau, pr\u00eat \u00e0 \u00eatre consomm\u00e9. Sans sucre : &lt;0,5 g\/100 ml de boisson pr\u00eate \u00e0 \u00eatre consomm\u00e9e.<br \/>\n**L&rsquo;all\u00e9gation porte sur le produit dissous dans l&rsquo;eau, pr\u00eat \u00e0 \u00eatre consomm\u00e9. Sans lactose : &lt;0,1 g lakt\u00f3z\/100 ml de boisson pr\u00eate \u00e0 \u00eatre consomm\u00e9e.<br \/>\n***Sans gluten conform\u00e9ment aux r\u00e9glementation.\u00a0<\/small><\/p>\n","protected":false},"excerpt":{"rendered":"<p>Une boisson en poudre aromatis\u00e9e, \u00e0 base d&rsquo;un isolat de lactos\u00e9rum, contenant 90% de prot\u00e9ines, avec de la cr\u00e9atine, des acides amin\u00e9s, de la ch\u00e9late de zinc et de la Vitamine B3.<\/p>\n","protected":false},"featured_media":6520,"template":"","meta":{"site-sidebar-layout":"default","site-content-layout":"","ast-site-content-layout":"default","site-content-style":"default","site-sidebar-style":"default","ast-global-header-display":"","ast-banner-title-visibility":"","ast-main-header-display":"","ast-hfb-above-header-display":"","ast-hfb-below-header-display":"","ast-hfb-mobile-header-display":"","site-post-title":"","ast-breadcrumbs-content":"","ast-featured-img":"","footer-sml-layout":"","theme-transparent-header-meta":"default","adv-header-id-meta":"","stick-header-meta":"","header-above-stick-meta":"","header-main-stick-meta":"","header-below-stick-meta":"","astra-migrate-meta-layouts":"set","ast-page-background-enabled":"default","ast-page-background-meta":{"desktop":{"background-color":"","background-image":"","background-repeat":"repeat","background-position":"center center","background-size":"auto","background-attachment":"scroll","background-type":"","background-media":"","overlay-type":"","overlay-color":"","overlay-opacity":"","overlay-gradient":""},"tablet":{"background-color":"","background-image":"","background-repeat":"repeat","background-position":"center center","background-size":"auto","background-attachment":"scroll","background-type":"","background-media":"","overlay-type":"","overlay-color":"","overlay-opacity":"","overlay-gradient":""},"mobile":{"background-color":"","background-image":"","background-repeat":"repeat","background-position":"center center","background-size":"auto","background-attachment":"scroll","background-type":"","background-media":"","overlay-type":"","overlay-color":"","overlay-opacity":"","overlay-gradient":""}},"ast-content-background-meta":{"desktop":{"background-color":"var(--ast-global-color-5)","background-image":"","background-repeat":"repeat","background-position":"center center","background-size":"auto","background-attachment":"scroll","background-type":"","background-media":"","overlay-type":"","overlay-color":"","overlay-opacity":"","overlay-gradient":""},"tablet":{"background-color":"var(--ast-global-color-5)","background-image":"","background-repeat":"repeat","background-position":"center center","background-size":"auto","background-attachment":"scroll","background-type":"","background-media":"","overlay-type":"","overlay-color":"","overlay-opacity":"","overlay-gradient":""},"mobile":{"background-color":"var(--ast-global-color-5)","background-image":"","background-repeat":"repeat","background-position":"center center","background-size":"auto","background-attachment":"scroll","background-type":"","background-media":"","overlay-type":"","overlay-color":"","overlay-opacity":"","overlay-gradient":""}}},"product_brand":[62],"product_cat":[83,59],"product_tag":[],"class_list":{"0":"post-6519","1":"product","2":"type-product","3":"status-publish","4":"has-post-thumbnail","6":"product_brand-biotech-usa","7":"product_cat-prise-de-muscle","8":"product_cat-whey-proteine","9":"desktop-align-center","10":"tablet-align-center","11":"mobile-align-center","13":"first","14":"instock","15":"sale","16":"shipping-taxable","17":"purchasable","18":"product-type-simple"},"_links":{"self":[{"href":"https:\/\/dietpartner.shop\/index.php?rest_route=\/wp\/v2\/product\/6519","targetHints":{"allow":["GET"]}}],"collection":[{"href":"https:\/\/dietpartner.shop\/index.php?rest_route=\/wp\/v2\/product"}],"about":[{"href":"https:\/\/dietpartner.shop\/index.php?rest_route=\/wp\/v2\/types\/product"}],"wp:featuredmedia":[{"embeddable":true,"href":"https:\/\/dietpartner.shop\/index.php?rest_route=\/wp\/v2\/media\/6520"}],"wp:attachment":[{"href":"https:\/\/dietpartner.shop\/index.php?rest_route=%2Fwp%2Fv2%2Fmedia&parent=6519"}],"wp:term":[{"taxonomy":"product_brand","embeddable":true,"href":"https:\/\/dietpartner.shop\/index.php?rest_route=%2Fwp%2Fv2%2Fproduct_brand&post=6519"},{"taxonomy":"product_cat","embeddable":true,"href":"https:\/\/dietpartner.shop\/index.php?rest_route=%2Fwp%2Fv2%2Fproduct_cat&post=6519"},{"taxonomy":"product_tag","embeddable":true,"href":"https:\/\/dietpartner.shop\/index.php?rest_route=%2Fwp%2Fv2%2Fproduct_tag&post=6519"}],"curies":[{"name":"wp","href":"https:\/\/api.w.org\/{rel}","templated":true}]}}