{"id":6575,"date":"2025-12-25T19:26:35","date_gmt":"2025-12-25T18:26:35","guid":{"rendered":"https:\/\/dietpartner.shop\/?post_type=product&#038;p=6575"},"modified":"2025-12-25T19:26:35","modified_gmt":"2025-12-25T18:26:35","slug":"c4-cellucor","status":"publish","type":"product","link":"https:\/\/dietpartner.shop\/?product=c4-cellucor","title":{"rendered":"C4 CELLUCOR"},"content":{"rendered":"<p>Allumez votre parcours de remise en forme avec C4 Original, notre pr\u00e9-entra\u00eenement de base qui fournit une \u00e9nergie explosive et des performances pour tous les types d&rsquo;entra\u00eenement, quel que soit le niveau d&rsquo;exp\u00e9rience, avec 150 mg de caf\u00e9ine.<\/p>\n<p>La poudre d&rsquo;\u00e9nergie pr\u00e9-entra\u00eenement vous donne ce coup de pouce suppl\u00e9mentaire pour surmonter l&rsquo;exercice et la fatigue avec 150 mg de caf\u00e9ine, 1600 mg de b\u00eata-alanine CarnoSyn et 1500 mg de monohydrate de cr\u00e9atine.<\/p>\n<p>Ce pr\u00e9-entra\u00eenement rafra\u00eechissant au go\u00fbt de limonade \u00e0 la cerise vous pr\u00e9pare au succ\u00e8s avec des acides amin\u00e9s, de la vitamine C, de la vitamine B6 et de la vitamine B12 et ne contient pas de sucre.<\/p>\n","protected":false},"excerpt":{"rendered":"<p><strong>C4 Original Pre-Workout\u00a0<\/strong>de\u00a0<strong>Cellucor<\/strong>\u00a0est une formule l\u00e9gendaire con\u00e7ue pour les athl\u00e8tes et les passionn\u00e9s de musculation recherchant\u00a0<strong>\u00e9nergie explosive<\/strong>,\u00a0<strong>concentration maximale<\/strong>\u00a0et\u00a0<strong>endurance musculaire<\/strong>\u00a0prolong\u00e9e.<\/p>\n","protected":false},"featured_media":6576,"template":"","meta":{"site-sidebar-layout":"default","site-content-layout":"","ast-site-content-layout":"default","site-content-style":"default","site-sidebar-style":"default","ast-global-header-display":"","ast-banner-title-visibility":"","ast-main-header-display":"","ast-hfb-above-header-display":"","ast-hfb-below-header-display":"","ast-hfb-mobile-header-display":"","site-post-title":"","ast-breadcrumbs-content":"","ast-featured-img":"","footer-sml-layout":"","theme-transparent-header-meta":"default","adv-header-id-meta":"","stick-header-meta":"","header-above-stick-meta":"","header-main-stick-meta":"","header-below-stick-meta":"","astra-migrate-meta-layouts":"set","ast-page-background-enabled":"default","ast-page-background-meta":{"desktop":{"background-color":"","background-image":"","background-repeat":"repeat","background-position":"center center","background-size":"auto","background-attachment":"scroll","background-type":"","background-media":"","overlay-type":"","overlay-color":"","overlay-opacity":"","overlay-gradient":""},"tablet":{"background-color":"","background-image":"","background-repeat":"repeat","background-position":"center center","background-size":"auto","background-attachment":"scroll","background-type":"","background-media":"","overlay-type":"","overlay-color":"","overlay-opacity":"","overlay-gradient":""},"mobile":{"background-color":"","background-image":"","background-repeat":"repeat","background-position":"center center","background-size":"auto","background-attachment":"scroll","background-type":"","background-media":"","overlay-type":"","overlay-color":"","overlay-opacity":"","overlay-gradient":""}},"ast-content-background-meta":{"desktop":{"background-color":"var(--ast-global-color-5)","background-image":"","background-repeat":"repeat","background-position":"center center","background-size":"auto","background-attachment":"scroll","background-type":"","background-media":"","overlay-type":"","overlay-color":"","overlay-opacity":"","overlay-gradient":""},"tablet":{"background-color":"var(--ast-global-color-5)","background-image":"","background-repeat":"repeat","background-position":"center center","background-size":"auto","background-attachment":"scroll","background-type":"","background-media":"","overlay-type":"","overlay-color":"","overlay-opacity":"","overlay-gradient":""},"mobile":{"background-color":"var(--ast-global-color-5)","background-image":"","background-repeat":"repeat","background-position":"center center","background-size":"auto","background-attachment":"scroll","background-type":"","background-media":"","overlay-type":"","overlay-color":"","overlay-opacity":"","overlay-gradient":""}}},"product_brand":[],"product_cat":[58],"product_tag":[],"class_list":{"0":"post-6575","1":"product","2":"type-product","3":"status-publish","4":"has-post-thumbnail","6":"product_cat-produits","7":"desktop-align-center","8":"tablet-align-center","9":"mobile-align-center","11":"first","12":"instock","13":"shipping-taxable","14":"purchasable","15":"product-type-simple"},"_links":{"self":[{"href":"https:\/\/dietpartner.shop\/index.php?rest_route=\/wp\/v2\/product\/6575","targetHints":{"allow":["GET"]}}],"collection":[{"href":"https:\/\/dietpartner.shop\/index.php?rest_route=\/wp\/v2\/product"}],"about":[{"href":"https:\/\/dietpartner.shop\/index.php?rest_route=\/wp\/v2\/types\/product"}],"wp:featuredmedia":[{"embeddable":true,"href":"https:\/\/dietpartner.shop\/index.php?rest_route=\/wp\/v2\/media\/6576"}],"wp:attachment":[{"href":"https:\/\/dietpartner.shop\/index.php?rest_route=%2Fwp%2Fv2%2Fmedia&parent=6575"}],"wp:term":[{"taxonomy":"product_brand","embeddable":true,"href":"https:\/\/dietpartner.shop\/index.php?rest_route=%2Fwp%2Fv2%2Fproduct_brand&post=6575"},{"taxonomy":"product_cat","embeddable":true,"href":"https:\/\/dietpartner.shop\/index.php?rest_route=%2Fwp%2Fv2%2Fproduct_cat&post=6575"},{"taxonomy":"product_tag","embeddable":true,"href":"https:\/\/dietpartner.shop\/index.php?rest_route=%2Fwp%2Fv2%2Fproduct_tag&post=6575"}],"curies":[{"name":"wp","href":"https:\/\/api.w.org\/{rel}","templated":true}]}}